mon factor of 19640 and 25?
5
What is the greatest common factor of 258 and 2649488?
86
What is the highest common divisor of 70 and 71015?
35
What is the greatest common factor of 139 and 299267?
139
What is the highest common factor of 162435 and 147?
147
Calculate the highest common divisor of 6640 and 15604.
332
What is the greatest common divisor of 43040 and 1120?
160
What is the greatest common factor of 135289 and 22?
11
Calculate the highest common divisor of 18 and 263178.
18
Calculate the greatest common divisor of 27880 and 320.
40
What is the highest common divisor of 2352 and 5586?
294
Calculate the highest common factor of 76572 and 27.
27
What is the highest common factor of 66160 and 160?
80
What is the highest common divisor of 1866 and 417051?
933
Calculate the greatest common factor of 552 and 396888.
552
What is the highest common factor of 6 and 778?
2
Calculate the highest common divisor of 3621 and 54528.
213
Calculate the greatest common divisor of 858533 and 13.
13
Calculate the highest common divisor of 408 and 11118.
102
What is the highest common factor of 363 and 78771?
363
What is the highest common factor of 150 and 56900?
50
What is the highest common divisor of 283000 and 39500?
500
What is the greatest common factor of 2821 and 136214?
403
Calculate the highest common divisor of 575072 and 32.
32
What is the highest common factor of 32 and 626?
2
Calculate the greatest common factor of 1236 and 1014756.
1236
What is the highest common factor of 373985 and 55?
5
What is the highest common divisor of 46 and 5276959?
23
What is the highest common divisor of 482616 and 72?
72
Calculate the greatest common factor of 112 and 128408.
56
What is the highest common divisor of 69776 and 4717?
89
Calculate the greatest common divisor of 3251404 and 403.
403
Calculate the greatest common factor of 2074499 and 413.
413
Calculate the greatest common factor of 18 and 15273.
9
What is the greatest common factor of 65 and 1256671?
13
Calculate the greatest common divisor of 35 and 815.
5
What is the highest common factor of 139264 and 272?
272
Calculate the highest common divisor of 351 and 338553.
27
Calculate the greatest common divisor of 63 and 4086.
9
Calculate the highest common divisor of 957136 and 176.
16
What is the highest common divisor of 65 and 29445?
65
What is the greatest common divisor of 41 and 3707753?
41
What is the highest common divisor of 23137 and 833?
17
Calculate the greatest common divisor of 28310 and 3040.
190
What is the greatest common factor of 20430 and 3420?
90
Calculate the highest common divisor of 1089 and 991353.
363
What is the highest common factor of 5248 and 5632?
128
Calculate the highest common factor of 54 and 2979.
9
What is the highest common factor of 1560 and 417320?
40
Calculate the highest common divisor of 7896 and 25032.
168
Calculate the highest common divisor of 246524 and 4.
4
Calculate the highest common divisor of 7314788 and 163.
163
What is the greatest common divisor of 90 and 6090?
30
Calculate the greatest common divisor of 24 and 5128.
8
Calculate the greatest common divisor of 1257 and 88409.
419
Calculate the highest common factor of 92 and 751732.
92
Calculate the highest common factor of 60997 and 674.
337
Calculate the highest common divisor of 1600 and 55360.
320
Calculate the greatest common factor of 1683 and 48114.
99
Calculate the highest common factor of 2588598 and 38.
38
Calculate the highest common factor of 1000 and 9160.
40
What is the highest common factor of 8613 and 203?
29
Calculate the greatest common factor of 9138 and 96.
6
Calculate the highest common factor of 1039158 and 90.
18
Calculate the greatest common factor of 440 and 19448.
88
What is the greatest common divisor of 47125 and 13?
13
Calculate the greatest common divisor of 277 and 662861.
277
What is the highest common factor of 1403 and 94123?
61
What is the highest common factor of 32136 and 72?
24
Calculate the greatest common divisor of 99 and 16500.
33
Calculate the greatest common divisor of 431 and 89.
1
What is the highest common divisor of 1032520 and 9130?
830
What is the highest common factor of 386 and 186631?
193
Calculate the greatest common factor of 504 and 12488.
56
Calculate the greatest common divisor of 20224 and 2944.
128
Calculate the highest common divisor of 56956 and 3944.
116
Calculate the greatest common factor of 323 and 9291.
19
What is the highest common factor of 5640 and 16080?
120
What is the greatest common factor of 1547 and 10647?
91
What is the greatest common divisor of 14193 and 228?
57
What is the highest common divisor of 456 and 3720?
24
What is the highest common factor of 193657 and 93?
31
Calculate the highest common divisor of 1777030 and 3320.
830
What is the greatest common factor of 2295 and 6528?
51
Calculate the highest common factor of 34 and 78863.
17
What is the greatest common factor of 37040 and 4880?
80
Calculate the highest common divisor of 22 and 108163.
11
What is the greatest common factor of 1683203 and 389?
389
Calculate the greatest common divisor of 3 and 127371.
3
Calculate the greatest common divisor of 848 and 304.
16
What is the greatest common divisor of 27156 and 123132?
372
Calculate the greatest common factor of 45 and 174105.
45
Calculate the highest common factor of 151977 and 21.
21
What is the greatest common factor of 12921 and 49494?
219
Calculate the greatest common factor of 152 and 3781.
19
What is the greatest common divisor of 137793 and 69?
69
Calculate the highest common divisor of 98346 and 1776.
222
Calculate the highest common factor of 326 and 28.
2
Calculate the greatest common divisor of 5363 and 14359.
173
Calculate the highest common divisor of 1060480 and 4971.
1657
What is the greatest common divisor of 240360 and 40?
40
What is the greatest common divisor of 78870 and 165?
165
What is the highest common divisor of 4924 and 24?
4
Calculate the highest common divisor of 2488 and 8.
8
What is the greatest common divisor of 57 and 135831?
57
What is the greatest common factor of 488 and 717482?
122
What is the highest common factor of 10528 and 257824?
224
Calculate the highest common factor of 717 and 3954.
3
What is the highest common divisor of 2340 and 387?
9
Calculate the greatest common divisor of 24174 and 99.
9
What is the highest common divisor of 7872 and 123?
123
What is the greatest common factor of 203 and 553?
7
Calculate the greatest common factor of 15079 and 4352.
17
Calculate the highest common divisor of 82680 and 480.
120
What is the highest common divisor of 380 and 9970820?
380
What is the greatest common divisor of 148 and 36644?
4
What is the greatest common divisor of 17228 and 7884?
292
What is the highest common divisor of 126 and 27252?
18
What is the greatest common factor of 824 and 75396?
412
What is the greatest common divisor of 344489 and 19?
19
What is the highest common factor of 7301 and 1323?
49
Calculate the greatest common divisor of 46 and 7596118.
46
What is the highest common factor of 9537 and 49929?
561
Calculate the highest common divisor of 163924 and 107.
107
What is the greatest common divisor of 383665 and 10?
5
Calculate the highest common factor of 599 and 767918.
599
What is the greatest common divisor of 1881 and 81054?
171
What is the greatest common factor of 717374 and 14?
14
What is the greatest common divisor of 66411 and 12267?
423
Calculate the greatest common divisor of 15000 and 1752.
24
Calculate the highest common factor of 1548 and 631971.
387
Calculate the greatest common factor of 169338 and 5010.
1002
What is the greatest common factor of 1920 and 12660?
60
Calculate the highest common divisor of 9 and 557811.
9
Calculate the greatest common divisor of 174 and 417513.
87
Calculate the greatest common factor of 3174 and 128018.
1058
Calculate the greatest common factor of 143933 and 31.
31
What is the greatest common divisor of 180 and 81?
9
What is the greatest common divisor of 17885 and 405?
5
What is the greatest common factor of 7654 and 37558?
178
What is the highest common factor of 281996 and 116?
116
Calculate the greatest common factor of 990 and 7434.
18
What is the greatest common factor of 90600 and 150